9f5
In base 14, what is 4 + -6cdb7?
-6cdb3
In base 4, what is -102200301 + 0?
-102200301
In base 11, what is 254a - 0?
254a
In base 10, what is 3 + -319306?
-319303
In base 4, what is -121231200200 + 2?
-121231200132
In base 14, what is -24 + 226d?
2249
In base 7, what is 264 + -54?
210
In base 15, what is -4 + -5e6bd?
-5e6c2
In base 11, what is 1350 - 1537?
-197
In base 12, what is 599 + -1?
598
In base 6, what is 22130 - -440?
23010
In base 13, what is 5 + -aba12?
-aba0a
In base 15, what is 3 + -5ace?
-5acb
In base 2, what is 1101101010110010 - -1111?
1101101011000001
In base 5, what is -11211420 + -3?
-11211423
In base 5, what is -1400401 + 321?
-1400030
In base 7, what is -6 + -1462162?
-1462201
In base 15, what is -12e7 + -1c?
-1314
In base 5, what is -20231 - 431?
-21212
In base 16, what is -1 + 3d374?
3d373
In base 7, what is -2433 - 12322?
-15055
In base 4, what is 1003210 - -1112?
1010322
In base 8, what is -5 + -10441?
-10446
In base 4, what is 130 + -1023313?
-1023123
In base 12, what is 45 - a547?
-a502
In base 10, what is -9 + -43803?
-43812
In base 16, what is 3 + 71df?
71e2
In base 4, what is 101103 - -2?
101111
In base 12, what is 37 + 2337?
2372
In base 7, what is -405552 + -3?
-405555
In base 10, what is 28 - -693?
721
In base 16, what is 4f9e + -6d?
4f31
In base 3, what is 11 + -22021122?
-22021111
In base 11, what is -3 - -2223a?
22237
In base 15, what is -50943 + -1?
-50944
In base 15, what is -2ecb + -1a?
-2ee6
In base 12, what is 88 - 7649?
-7581
In base 12, what is 51bb - 1?
51ba
In base 11, what is 720 + 10?
730
In base 5, what is -414 - 10403?
-11322
In base 6, what is -1035 + 450?
-145
In base 3, what is 122200202010 + -2?
122200202001
In base 3, what is -1020121 + 120?
-1020001
In base 4, what is -100321130 + -102?
-100321232
In base 5, what is -122 + 1103?
431
In base 14, what is -1 + 23134?
23133
In base 15, what is 47a2 + -4?
479d
In base 2, what is -1010 - -110011110101001?
110011110011111
In base 10, what is 3 - 27362?
-27359
In base 16, what is 3284a - -8?
32852
In base 10, what is -72008 + 10?
-71998
In base 6, what is 0 - 20021?
-20021
In base 6, what is -25212 + 451?
-24321
In base 5, what is 2000110402 - -1?
2000110403
In base 9, what is -873226 - 1?
-873227
In base 14, what is -14 - 301b6?
-301ca
In base 10, what is 5 - 5956?
-5951
In base 11, what is -4990 - -1?
-498a
In base 15, what is -35 + -3727?
-375c
In base 3, what is -2100000 + 1201?
-2021022
In base 15, what is dc18 - 0?
dc18
In base 14, what is -1 + -3a2b?
-3a2c
In base 9, what is 4353 + 6?
4360
In base 3, what is -110100111 + -221?
-110101102
In base 2, what is 1 - -1110101101010010110?
1110101101010010111
In base 5, what is -44242312 + -24?
-44242341
In base 5, what is -2433421 + -1?
-2433422
In base 12, what is 1 - -9218?
9219
In base 4, what is -22 - -120300?
120212
In base 14, what is 9b6 - -15?
9cb
In base 10, what is -330 + 1899?
1569
In base 9, what is -2 + 216621?
216618
In base 15, what is 7 - -6b2d5?
6b2dc
In base 2, what is -11100100110 + 11?
-11100100011
In base 10, what is 84 + -418?
-334
In base 3, what is 10212020 + -111010?
10101010
In base 4, what is 112310 - 1110?
111200
In base 3, what is -21211 - 100212?
-122200
In base 5, what is -32 - -24421011?
24420424
In base 5, what is -1021334402 - -4?
-1021334343
In base 5, what is -1142 - 122030?
-123222
In base 4, what is 120000113 + 3?
120000122
In base 4, what is 1 - -11012302?
11012303
In base 15, what is -22d98 + 5?
-22d93
In base 3, what is -1001222 - -100?
-1001122
In base 2, what is 10110011000001101010 + -10?
10110011000001101000
In base 4, what is 31200 + -2?
31132
In base 12, what is 108 + 1540?
1648
In base 8, what is 2653430 - 1?
2653427
In base 15, what is 13 - 275?
-262
In base 10, what is 1 + 3168?
3169
In base 4, what is -32321 + 122?
-32133
In base 15, what is dd - 1b0?
-c2
In base 14, what is 57023 - 4?
5701d
In base 9, what is -3 - -221738?
221735
In base 13, what is 3 - 28443?
-28440
In base 6, what is -205245 - -30?
-205215
In base 15, what is ded5 - -23?
e008
In base 11, what is -5 - -194739?
194734
In base 6, what is -14 + 51404?
51350
In base 4, what is -21 + -3121333023?
-3121333110
In base 14, what is ca88 - 5d?
ca29
In base 13, what is 3a99 - -1?
3a9a
In base 7, what is -430341 - -2?
-430336
In base 13, what is 20 + -c91?
-c71
In base 3, what is -11 + 2212020202?
2212020121
In base 8, what is 22 - -373062?
373104
In base 12, what is 52a9 - -2?
52ab
In base 9, what is -2 - -1358?
1356
In base 7, what is -1156 - -10353?
6164
In base 6, what is -2150 - 2011?
-4201
In base 16, what is 2 + -2a60?
-2a5e
In base 9, what is -5671 + -37?
-5718
In base 2, what is 110101011 + -1100010000?
-101100101
In base 4, what is 233 + -101222211?
-101221312
In base 2, what is -10010 + 100011010?
100001000
In base 8, what is 52 - -7065?
7137
In base 12, what is -3 + 24115?
24112
In base 13, what is -48 - 584?
-5cc
In base 6, what is -455123 + -10?
-455133
In base 11, what is 33 + -710?
-688
In base 7, what is -16456 + 0?
-16456
In base 3, what is -221220 - 2010?
-1001000
In base 10, what is -237 + 26236?
25999
In base 10, what is -197 - 182?
-379
In base 9, what is -5 + -2081?
-2086
In base 4, what is -103 + -30113100?
-30113203
In base 2, what is 11000101 - -111110000111?
1000001001100
In base 10, what is -83630 - -3?
-83627
In base 7, what is -50236 + -1?
-50240
In base 8, what is -51166051 + -2?
-51166053
In base 2, what is -1000011110111 - 0?
-1000011110111
In base 5, what is 1231 - -432?
2213
In base 6, what is -3 + -232500?
-232503
In base 7, what is 33466 + 2?
33501
In base 13, what is 1 + 110586?
110587
In base 5, what is -44143 - 4442?
-104140
In base 10, what is -29140 - -5?
-29135
In base 6, what is 3514301 - 0?
3514301
In base 13, what is -b9 + 8536?
844a
In base 5, what is -1002133 + -40?
-1002223
In base 12, what is -568 - 381?
-929
In base 12, what is 1b + 1039?
1058
In base 10, what is 61276 - 19?
61257
In base 11, what is -839 - -13?
-826
In base 3, what is 122 - 21010012?
-21002120
In base 16, what is -8 + 7e9?
7e1
In base 8, what is -24 + 36254?
36230
In base 4, what is 120111131 + 1?
120111132
In base 11, what is 2a9 + -418?
-11a
In base 11, what is -94 - -8?
-87
In base 7, what is 2 - -123005?
123010
In base 7, what is 644 + -405?
236
In base 6, what is 1500 + 252?
2152
In base 12, what is 2b2b - 1?
2b2a
In base 6, what is -34534 + -24?
-35002
In base 11, what is -1 + 7666a?
76669
In base 16, what is -82 - 156d?
-15ef
In base 13, what is -1488 + 2a8?
-11b0
In base 8, what is 74574 + 12?
74606
In base 6, what is -254441 - -3?
-254434
In base 7, what is -1022 - -644?
-45
In base 15, what is -e60 + a?
-e55
In base 11, what is 136 - -2145?
2280
In base 6, what is 2 + -55212?
-55210
In base 3, what is -1011102102102 - 0?
-1011102102102
In base 11, what is -2 + -12672?
-12674
In base 4, what is -1011 + 1330312?
1323301
In base 4, what is -1220 - -100310?
33030
In base 6, what is -40142 - -10?
-40132
In base 15, what is -5 - -1408?
1403
In base 12, what is -157b - 53?
-1612
In base 12, what is a286 - -4?
a28a
In base 14, what is 1 - -259d?
25a0
In base 9, what is -145 + 582?
436
In base 5, what is 2323 - -300?
3123
In base 11, what is 22 + 5072?
5094
In base 8, what is 3207 - 35?
3152
In base 6, what is -4 - -20013?
20005
In base 2, what is 0 + -1111110100010?
-1111110100010
In base 3, what is 20101022102 + -11?
20101022021
In base 9, what is 308 + 24?
333
In base 11, what is -360 - -2372?
2012
In base 14, what is 30 - -3019?
3049
In base 11, what is -4090 + 34?
-4057
In base 2, what is -1 - 1000100001000111000?
-1000100001000111001
In base 8, what is -12 + -1175?
-1207
In base 13, what is -182 + 18c?
a
In base 12, what is 4 - -15664?
15668
In base 5, what is 440 - 113?
322
In base 16, what is -2 - aaf6?
-aaf8
In base 9, what is 275440 + -4?
275435
In base 8, what is -125562 - -21?
-125541
In base 10, what is -87 + -69?
-156
In base 7, what is 152 + -15201?
-15016
In base 5, what is -4 + 1324241?
1324232
In base 2, what is 1000 + 1000010100110011?
1000010100111011
In base 12, what is -45186 - -3?
-45183
In base 7, what is 2 + 1223102?
1223104
In base 8, what is -125446 - 157?
-125625
In base 14, what is 3 + 19750?
19753
In base 14, what is -b718 + 5?
-b713
I